{"id":4526,"date":"2023-07-10T12:29:22","date_gmt":"2023-07-10T10:29:22","guid":{"rendered":"https:\/\/palace-of-thoughts.pl\/?page_id=4526"},"modified":"2023-07-10T12:31:23","modified_gmt":"2023-07-10T10:31:23","slug":"klauzula-informacyjna-administratora-danych-osobowych","status":"publish","type":"page","link":"https:\/\/palace-of-thoughts.pl\/index.php\/klauzula-informacyjna-administratora-danych-osobowych\/","title":{"rendered":"Klauzula Informacyjna Administratora Danych Osobowych"},"content":{"rendered":"\t\t<div data-elementor-type=\"wp-page\" data-elementor-id=\"4526\" class=\"elementor elementor-4526\" data-elementor-post-type=\"page\">\n\t\t\t\t\t\t<section class=\"elementor-section elementor-top-section elementor-element elementor-element-6a28ecc elementor-section-boxed elementor-section-height-default elementor-section-height-default wpr-particle-no wpr-jarallax-no wpr-parallax-no wpr-sticky-section-no e-parent\" data-id=\"6a28ecc\" data-element_type=\"section\" data-settings=\"{&quot;background_background&quot;:&quot;classic&quot;}\">\n\t\t\t\t\t\t<div class=\"elementor-container elementor-column-gap-default\">\n\t\t\t\t\t<div class=\"elementor-column elementor-col-100 elementor-top-column elementor-element elementor-element-9b3256b lakit-col-width-auto-no\" data-id=\"9b3256b\" data-element_type=\"column\">\n\t\t\t<div class=\"elementor-widget-wrap\">\n\t\t\t\t\t\t\t<\/div>\n\t\t<\/div>\n\t\t\t\t\t<\/div>\n\t\t<\/section>\n\t\t\t\t<section class=\"elementor-section elementor-top-section elementor-element elementor-element-650df26 elementor-section-boxed elementor-section-height-default elementor-section-height-default wpr-particle-no wpr-jarallax-no wpr-parallax-no wpr-sticky-section-no e-parent\" data-id=\"650df26\" data-element_type=\"section\">\n\t\t\t\t\t\t<div class=\"elementor-container elementor-column-gap-default\">\n\t\t\t\t\t<div class=\"elementor-column elementor-col-100 elementor-top-column elementor-element elementor-element-d69765b lakit-col-width-auto-no\" data-id=\"d69765b\" data-element_type=\"column\">\n\t\t\t<div class=\"elementor-widget-wrap elementor-element-populated\">\n\t\t\t\t\t\t<div class=\"elementor-element elementor-element-fb27927 elementor-widget elementor-widget-heading\" data-id=\"fb27927\" data-element_type=\"widget\" data-widget_type=\"heading.default\">\n\t\t\t\t<div class=\"elementor-widget-container\">\n\t\t\t<h2 class=\"elementor-heading-title elementor-size-default\">Klauzula Informacyjna Administratora Danych Osobowych<\/h2>\t\t<\/div>\n\t\t\t\t<\/div>\n\t\t\t\t\t<\/div>\n\t\t<\/div>\n\t\t\t\t\t<\/div>\n\t\t<\/section>\n\t\t\t\t<section class=\"elementor-section elementor-top-section elementor-element elementor-element-bcd4e8d elementor-section-boxed elementor-section-height-default elementor-section-height-default wpr-particle-no wpr-jarallax-no wpr-parallax-no wpr-sticky-section-no e-parent\" data-id=\"bcd4e8d\" data-element_type=\"section\">\n\t\t\t\t\t\t<div class=\"elementor-container elementor-column-gap-default\">\n\t\t\t\t\t<div class=\"elementor-column elementor-col-100 elementor-top-column elementor-element elementor-element-f0c8f00 lakit-col-width-auto-no\" data-id=\"f0c8f00\" data-element_type=\"column\">\n\t\t\t<div class=\"elementor-widget-wrap elementor-element-populated\">\n\t\t\t\t\t\t<div class=\"elementor-element elementor-element-079b271 elementor-widget elementor-widget-text-editor\" data-id=\"079b271\" data-element_type=\"widget\" data-widget_type=\"text-editor.default\">\n\t\t\t\t<div class=\"elementor-widget-container\">\n\t\t\t\t\t\t\t<p>W wykonaniu obowi\u0105zku informacyjnego, okre\u015blonego w Rozporz\u0105dzeniu Parlamentu Europejskiego i Rady (UE) 2016\/679 z 27.04.2016 r. w sprawie ochrony os\u00f3b fizycznych w zwi\u0105zku z przetwarzaniem danych osobowych i w sprawie swobodnego przep\u0142ywu takich danych oraz uchylenia dyrektywy 95\/46\/WE (og\u00f3lne rozporz\u0105dzenie o ochronie danych) \u2013 dalej \u201eRODO\u201d , jako administrator Pani\/Pana danych osobowych informuj\u0119, \u017ce:<\/p><p>1) Administratorem danych osobowych jest: Rafa\u0142 Mazur, prowadz\u0105cy dzia\u0142alno\u015b\u0107 gospodarcz\u0105 pod firm\u0105 Rafa\u0142 Mazur Pothos adres: 02-784 Warszawa, ul. Herbsta 1\/40, (dalej jako Administrator Danych). Kontakt z Administratorem Danych w sprawie ochrony danych osobowych na wskazany wy\u017cej adres jego siedziby lub adres e-mail: rafal@zenjaskiniowca.pl.<\/p><p>2) Podstaw\u0119 prawn\u0105 przetwarzania danych osobowych stanowi art. 6 ust. 1 lit a \u2013 f Rozporz\u0105dzenia Parlamentu Europejskiego i Rady (UE) 2016\/679 z dnia 27 kwietnia 2016 roku w sprawie ochrony os\u00f3b fizycznych w zwi\u0105zku z przetwarzaniem danych osobowych i w sprawie swobodnego przep\u0142ywu takich danych oraz uchylenia dyrektywy 95\/46\/WE<\/p><p>Administrator Danych przetwarza nast\u0119puj\u0105ce kategorie danych osobowych:<\/p><p>a) imi\u0119 (imiona) i nazwisko\/ firma,<\/p><p>b) siedziba firmy (adres),<\/p><p>c) numer NIP,<\/p><p>d) adres poczty elektronicznej.<\/p><p>2) Administrator Danych przetwarza dane osobowe w celu:<\/p><p>a) zawarcia i realizacji umowy \u2013 art. 6 ust. 1 lit b RODO,<\/p><p>b) nadto \u2013 w zakresie wykraczaj\u0105cym poza powy\u017cszy cel \u2013 na podstawie wyra\u017conej zgody \u2013 art. 6 ust. 1 lit a RODO,<\/p><p>c) na podstawie przepis\u00f3w powszechnie obowi\u0105zuj\u0105cych, w tym dla w cel\u00f3w podatkowych i rachunkowo\u015bci \u2013 art. 6 ust. 1 lit c RODO,<\/p><p>d) w celu ochrony swych uzasadnionych interes\u00f3w \u2013 art. 6 ust. 1 lit f RODO.<\/p><p>3) Administrator Danych przetwarza dane osobowe do czasu cofni\u0119cia zgody na ich przetwarzanie, chyba, \u017ce istnieje inna uzasadniona podstawa prawna do ich przetwarzania. W takim przypadku dane osobowe b\u0119d\u0105 przetwarzane przez okres niezb\u0119dny do realizacji umownych lub ustawowych obowi\u0105zk\u00f3w i praw Administratora Danych. W szczeg\u00f3lno\u015bci okres przetwarzania danych osobowych mo\u017ce zosta\u0107 przed\u0142u\u017cony o okres przedawnienia roszcze\u0144, je\u017celi przetwarzanie danych osobowych b\u0119dzie niezb\u0119dne dla dochodzenia ewentualnych roszcze\u0144 lub obrony przed takimi roszczeniami lub o okres konieczny z uwagi na obowi\u0105zki podatkowe (5 lat od ko\u0144ca roku kalendarzowego w kt\u00f3rym umowa zosta\u0142a wykonana).<\/p><p>4) Administrator Danych przekazuje Pani\/Pana dane osobowe nast\u0119puj\u0105cym kategoriom odbiorc\u00f3w: podmiotom, kt\u00f3rym Administrator Danych ma prawny obowi\u0105zek udost\u0119pnienia przetwarzanych przez siebie danych osobowych, podmiotom przetwarzaj\u0105cym dane osobowe na podstawie zawartych z Administratorem Danych um\u00f3w powierzenia przetwarzania.<\/p><p>5) Administrator Danych nie zamierza przekazywa\u0107 danych osobowych do pa\u0144stwa trzeciego jak i organizacji mi\u0119dzynarodowej.<\/p><p>6) W zwi\u0105zku z przetwarzaniem danych osobowych ma Pani\/Pan prawo:<\/p><p>a) prawo dost\u0119pu do swoich danych osobowych,<\/p><p>b) prawo do sprostowania (poprawiania) lub uzupe\u0142nienia swoich danych osobowych,<\/p><p>c) prawo do ograniczenia przetwarzania danych osobowych,<\/p><p>d) prawo do usuni\u0119cia swoich danych osobowych, chyba \u017ce przetwarzanie danych nast\u0119puje w celu wywi\u0105zania si\u0119 z obowi\u0105zku wynikaj\u0105cego z przepisu prawa lub w ramach sprawowania w\u0142adzy publicznej lub jest niezb\u0119dne do ustalenia, dochodzenia lub obrony roszcze\u0144;<\/p><p>e) prawo wniesienia sprzeciwu wobec przetwarzania Pani\/Pana danych osobowych,<\/p><p>f) prawo do przenoszenia Pani\/Pana danych osobowych (tj. w przypadkach okre\u015blonych w przepisach RODO ma Pani\/Pan prawo \u017c\u0105da\u0107 by Pani\/Pana dane osobowe zosta\u0142y przes\u0142ane przez Administratora Danych bezpo\u015brednio innemu administratorowi, o ile jest to technicznie mo\u017cliwe).<\/p><p>g) prawo wycofania zgody na przetwarzanie danych osobowych, je\u015bli taka zosta\u0142a udzielona. W zakresie, w jakim podstaw\u0105 przetwarzania Pani\/Pana danych osobowych jest zgoda wyra\u017cona na podstawie przepis\u00f3w RODO, przys\u0142uguje Pani\/Panu prawo wycofania takiej zgody. Wycofanie zgody nie ma wp\u0142ywu na przetwarzanie, kt\u00f3rego dokonano przed jej wycofaniem.<\/p><p>7) Podanie danych osobowych jest dobrowolne, jednak ich brak mo\u017ce uniemo\u017cliwia\u0107 zawarcie umowy jak i jej wykonanie.<\/p>\t\t\t\t\t\t<\/div>\n\t\t\t\t<\/div>\n\t\t\t\t\t<\/div>\n\t\t<\/div>\n\t\t\t\t\t<\/div>\n\t\t<\/section>\n\t\t\t\t<\/div>\n\t\t","protected":false},"excerpt":{"rendered":"<p>Klauzula Informacyjna Administratora Danych Osobowych W wykonaniu obowi\u0105zku informacyjnego, okre\u015blonego w Rozporz\u0105dzeniu Parlamentu Europejskiego i Rady (UE) 2016\/679 z 27.04.2016 r. w sprawie ochrony os\u00f3b fizycznych w zwi\u0105zku z przetwarzaniem danych osobowych i w sprawie swobodnego przep\u0142ywu takich danych oraz uchylenia dyrektywy 95\/46\/WE (og\u00f3lne rozporz\u0105dzenie o ochronie danych) \u2013 dalej \u201eRODO\u201d , jako administrator Pani\/Pana [&hellip;]<\/p>\n","protected":false},"author":1,"featured_media":0,"parent":0,"menu_order":0,"comment_status":"closed","ping_status":"closed","template":"","meta":{"_monsterinsights_skip_tracking":false,"_monsterinsights_sitenote_active":false,"_monsterinsights_sitenote_note":"","_monsterinsights_sitenote_category":0,"ocean_post_layout":"full-screen","ocean_both_sidebars_style":"","ocean_both_sidebars_content_width":0,"ocean_both_sidebars_sidebars_width":0,"ocean_sidebar":"0","ocean_second_sidebar":"0","ocean_disable_margins":"enable","ocean_add_body_class":"","ocean_shortcode_before_top_bar":"","ocean_shortcode_after_top_bar":"","ocean_shortcode_before_header":"","ocean_shortcode_after_header":"","ocean_has_shortcode":"","ocean_shortcode_after_title":"","ocean_shortcode_before_footer_widgets":"","ocean_shortcode_after_footer_widgets":"","ocean_shortcode_before_footer_bottom":"","ocean_shortcode_after_footer_bottom":"","ocean_display_top_bar":"off","ocean_display_header":"off","ocean_header_style":"","ocean_center_header_left_menu":"0","ocean_custom_header_template":"0","ocean_custom_logo":0,"ocean_custom_retina_logo":0,"ocean_custom_logo_max_width":0,"ocean_custom_logo_tablet_max_width":0,"ocean_custom_logo_mobile_max_width":0,"ocean_custom_logo_max_height":0,"ocean_custom_logo_tablet_max_height":0,"ocean_custom_logo_mobile_max_height":0,"ocean_header_custom_menu":"0","ocean_menu_typo_font_family":"0","ocean_menu_typo_font_subset":"","ocean_menu_typo_font_size":0,"ocean_menu_typo_font_size_tablet":0,"ocean_menu_typo_font_size_mobile":0,"ocean_menu_typo_font_size_unit":"px","ocean_menu_typo_font_weight":"","ocean_menu_typo_font_weight_tablet":"","ocean_menu_typo_font_weight_mobile":"","ocean_menu_typo_transform":"","ocean_menu_typo_transform_tablet":"","ocean_menu_typo_transform_mobile":"","ocean_menu_typo_line_height":0,"ocean_menu_typo_line_height_tablet":0,"ocean_menu_typo_line_height_mobile":0,"ocean_menu_typo_line_height_unit":"","ocean_menu_typo_spacing":0,"ocean_menu_typo_spacing_tablet":0,"ocean_menu_typo_spacing_mobile":0,"ocean_menu_typo_spacing_unit":"","ocean_menu_link_color":"","ocean_menu_link_color_hover":"","ocean_menu_link_color_active":"","ocean_menu_link_background":"","ocean_menu_link_hover_background":"","ocean_menu_link_active_background":"","ocean_menu_social_links_bg":"","ocean_menu_social_hover_links_bg":"","ocean_menu_social_links_color":"","ocean_menu_social_hover_links_color":"","ocean_disable_title":"on","ocean_disable_heading":"default","ocean_post_title":"","ocean_post_subheading":"","ocean_post_title_style":"","ocean_post_title_background_color":"","ocean_post_title_background":0,"ocean_post_title_bg_image_position":"","ocean_post_title_bg_image_attachment":"","ocean_post_title_bg_image_repeat":"","ocean_post_title_bg_image_size":"","ocean_post_title_height":0,"ocean_post_title_bg_overlay":0.5,"ocean_post_title_bg_overlay_color":"","ocean_disable_breadcrumbs":"default","ocean_breadcrumbs_color":"","ocean_breadcrumbs_separator_color":"","ocean_breadcrumbs_links_color":"","ocean_breadcrumbs_links_hover_color":"","ocean_display_footer_widgets":"off","ocean_display_footer_bottom":"off","ocean_custom_footer_template":"0","footnotes":""},"class_list":["post-4526","page","type-page","status-publish","hentry","entry"],"yoast_head":"<!-- This site is optimized with the Yoast SEO plugin v20.10 - https:\/\/yoast.com\/wordpress\/plugins\/seo\/ -->\n<title>Klauzula Informacyjna Administratora Danych Osobowych - palace-of-thoughts.shop<\/title>\n<meta name=\"robots\" content=\"index, follow, max-snippet:-1, max-image-preview:large, max-video-preview:-1\" \/>\n<link rel=\"canonical\" href=\"http:\/\/palace-of-thoughts.pl\/index.php\/klauzula-informacyjna-administratora-danych-osobowych\/\" \/>\n<meta property=\"og:locale\" content=\"pl_PL\" \/>\n<meta property=\"og:type\" content=\"article\" \/>\n<meta property=\"og:title\" content=\"Klauzula Informacyjna Administratora Danych Osobowych - palace-of-thoughts.shop\" \/>\n<meta property=\"og:description\" content=\"Klauzula Informacyjna Administratora Danych Osobowych W wykonaniu obowi\u0105zku informacyjnego, okre\u015blonego w Rozporz\u0105dzeniu Parlamentu Europejskiego i Rady (UE) 2016\/679 z 27.04.2016 r. w sprawie ochrony os\u00f3b fizycznych w zwi\u0105zku z przetwarzaniem danych osobowych i w sprawie swobodnego przep\u0142ywu takich danych oraz uchylenia dyrektywy 95\/46\/WE (og\u00f3lne rozporz\u0105dzenie o ochronie danych) \u2013 dalej \u201eRODO\u201d , jako administrator Pani\/Pana [&hellip;]\" \/>\n<meta property=\"og:url\" content=\"http:\/\/palace-of-thoughts.pl\/index.php\/klauzula-informacyjna-administratora-danych-osobowych\/\" \/>\n<meta property=\"og:site_name\" content=\"palace-of-thoughts.shop\" \/>\n<meta property=\"article:publisher\" content=\"https:\/\/www.facebook.com\/profile.php?id=100090195961818\" \/>\n<meta property=\"article:modified_time\" content=\"2023-07-10T10:31:23+00:00\" \/>\n<meta name=\"twitter:card\" content=\"summary_large_image\" \/>\n<meta name=\"twitter:label1\" content=\"Szacowany czas czytania\" \/>\n\t<meta name=\"twitter:data1\" content=\"4 minuty\" \/>\n<script type=\"application\/ld+json\" class=\"yoast-schema-graph\">{\"@context\":\"https:\/\/schema.org\",\"@graph\":[{\"@type\":\"WebPage\",\"@id\":\"http:\/\/palace-of-thoughts.pl\/index.php\/klauzula-informacyjna-administratora-danych-osobowych\/\",\"url\":\"http:\/\/palace-of-thoughts.pl\/index.php\/klauzula-informacyjna-administratora-danych-osobowych\/\",\"name\":\"Klauzula Informacyjna Administratora Danych Osobowych - palace-of-thoughts.shop\",\"isPartOf\":{\"@id\":\"http:\/\/palace-of-thoughts.pl\/#website\"},\"datePublished\":\"2023-07-10T10:29:22+00:00\",\"dateModified\":\"2023-07-10T10:31:23+00:00\",\"breadcrumb\":{\"@id\":\"http:\/\/palace-of-thoughts.pl\/index.php\/klauzula-informacyjna-administratora-danych-osobowych\/#breadcrumb\"},\"inLanguage\":\"pl-PL\",\"potentialAction\":[{\"@type\":\"ReadAction\",\"target\":[\"http:\/\/palace-of-thoughts.pl\/index.php\/klauzula-informacyjna-administratora-danych-osobowych\/\"]}]},{\"@type\":\"BreadcrumbList\",\"@id\":\"http:\/\/palace-of-thoughts.pl\/index.php\/klauzula-informacyjna-administratora-danych-osobowych\/#breadcrumb\",\"itemListElement\":[{\"@type\":\"ListItem\",\"position\":1,\"name\":\"Strona g\u0142\u00f3wna\",\"item\":\"http:\/\/palace-of-thoughts.pl\/\"},{\"@type\":\"ListItem\",\"position\":2,\"name\":\"Klauzula Informacyjna Administratora Danych Osobowych\"}]},{\"@type\":\"WebSite\",\"@id\":\"http:\/\/palace-of-thoughts.pl\/#website\",\"url\":\"http:\/\/palace-of-thoughts.pl\/\",\"name\":\"palace-of-thoughts.shop\",\"description\":\"\",\"publisher\":{\"@id\":\"http:\/\/palace-of-thoughts.pl\/#organization\"},\"potentialAction\":[{\"@type\":\"SearchAction\",\"target\":{\"@type\":\"EntryPoint\",\"urlTemplate\":\"http:\/\/palace-of-thoughts.pl\/?s={search_term_string}\"},\"query-input\":\"required name=search_term_string\"}],\"inLanguage\":\"pl-PL\"},{\"@type\":\"Organization\",\"@id\":\"http:\/\/palace-of-thoughts.pl\/#organization\",\"name\":\"Palace of Thoughts\",\"url\":\"http:\/\/palace-of-thoughts.pl\/\",\"logo\":{\"@type\":\"ImageObject\",\"inLanguage\":\"pl-PL\",\"@id\":\"http:\/\/palace-of-thoughts.pl\/#\/schema\/logo\/image\/\",\"url\":\"https:\/\/palace-of-thoughts.pl\/wp-content\/uploads\/2023\/04\/ehhhhhh-724x1024.png\",\"contentUrl\":\"https:\/\/palace-of-thoughts.pl\/wp-content\/uploads\/2023\/04\/ehhhhhh-724x1024.png\",\"width\":724,\"height\":1024,\"caption\":\"Palace of Thoughts\"},\"image\":{\"@id\":\"http:\/\/palace-of-thoughts.pl\/#\/schema\/logo\/image\/\"},\"sameAs\":[\"https:\/\/www.facebook.com\/profile.php?id=100090195961818\",\"https:\/\/www.instagram.com\/_palace_of_thoughts_\/\",\"https:\/\/www.youtube.com\/@palaceofthoughts\",\"https:\/\/www.tiktok.com\/@palace0fthoughts\"]}]}<\/script>\n<!-- \/ Yoast SEO plugin. -->","yoast_head_json":{"title":"Klauzula Informacyjna Administratora Danych Osobowych - palace-of-thoughts.shop","robots":{"index":"index","follow":"follow","max-snippet":"max-snippet:-1","max-image-preview":"max-image-preview:large","max-video-preview":"max-video-preview:-1"},"canonical":"http:\/\/palace-of-thoughts.pl\/index.php\/klauzula-informacyjna-administratora-danych-osobowych\/","og_locale":"pl_PL","og_type":"article","og_title":"Klauzula Informacyjna Administratora Danych Osobowych - palace-of-thoughts.shop","og_description":"Klauzula Informacyjna Administratora Danych Osobowych W wykonaniu obowi\u0105zku informacyjnego, okre\u015blonego w Rozporz\u0105dzeniu Parlamentu Europejskiego i Rady (UE) 2016\/679 z 27.04.2016 r. w sprawie ochrony os\u00f3b fizycznych w zwi\u0105zku z przetwarzaniem danych osobowych i w sprawie swobodnego przep\u0142ywu takich danych oraz uchylenia dyrektywy 95\/46\/WE (og\u00f3lne rozporz\u0105dzenie o ochronie danych) \u2013 dalej \u201eRODO\u201d , jako administrator Pani\/Pana [&hellip;]","og_url":"http:\/\/palace-of-thoughts.pl\/index.php\/klauzula-informacyjna-administratora-danych-osobowych\/","og_site_name":"palace-of-thoughts.shop","article_publisher":"https:\/\/www.facebook.com\/profile.php?id=100090195961818","article_modified_time":"2023-07-10T10:31:23+00:00","twitter_card":"summary_large_image","twitter_misc":{"Szacowany czas czytania":"4 minuty"},"schema":{"@context":"https:\/\/schema.org","@graph":[{"@type":"WebPage","@id":"http:\/\/palace-of-thoughts.pl\/index.php\/klauzula-informacyjna-administratora-danych-osobowych\/","url":"http:\/\/palace-of-thoughts.pl\/index.php\/klauzula-informacyjna-administratora-danych-osobowych\/","name":"Klauzula Informacyjna Administratora Danych Osobowych - palace-of-thoughts.shop","isPartOf":{"@id":"http:\/\/palace-of-thoughts.pl\/#website"},"datePublished":"2023-07-10T10:29:22+00:00","dateModified":"2023-07-10T10:31:23+00:00","breadcrumb":{"@id":"http:\/\/palace-of-thoughts.pl\/index.php\/klauzula-informacyjna-administratora-danych-osobowych\/#breadcrumb"},"inLanguage":"pl-PL","potentialAction":[{"@type":"ReadAction","target":["http:\/\/palace-of-thoughts.pl\/index.php\/klauzula-informacyjna-administratora-danych-osobowych\/"]}]},{"@type":"BreadcrumbList","@id":"http:\/\/palace-of-thoughts.pl\/index.php\/klauzula-informacyjna-administratora-danych-osobowych\/#breadcrumb","itemListElement":[{"@type":"ListItem","position":1,"name":"Strona g\u0142\u00f3wna","item":"http:\/\/palace-of-thoughts.pl\/"},{"@type":"ListItem","position":2,"name":"Klauzula Informacyjna Administratora Danych Osobowych"}]},{"@type":"WebSite","@id":"http:\/\/palace-of-thoughts.pl\/#website","url":"http:\/\/palace-of-thoughts.pl\/","name":"palace-of-thoughts.shop","description":"","publisher":{"@id":"http:\/\/palace-of-thoughts.pl\/#organization"},"potentialAction":[{"@type":"SearchAction","target":{"@type":"EntryPoint","urlTemplate":"http:\/\/palace-of-thoughts.pl\/?s={search_term_string}"},"query-input":"required name=search_term_string"}],"inLanguage":"pl-PL"},{"@type":"Organization","@id":"http:\/\/palace-of-thoughts.pl\/#organization","name":"Palace of Thoughts","url":"http:\/\/palace-of-thoughts.pl\/","logo":{"@type":"ImageObject","inLanguage":"pl-PL","@id":"http:\/\/palace-of-thoughts.pl\/#\/schema\/logo\/image\/","url":"https:\/\/palace-of-thoughts.pl\/wp-content\/uploads\/2023\/04\/ehhhhhh-724x1024.png","contentUrl":"https:\/\/palace-of-thoughts.pl\/wp-content\/uploads\/2023\/04\/ehhhhhh-724x1024.png","width":724,"height":1024,"caption":"Palace of Thoughts"},"image":{"@id":"http:\/\/palace-of-thoughts.pl\/#\/schema\/logo\/image\/"},"sameAs":["https:\/\/www.facebook.com\/profile.php?id=100090195961818","https:\/\/www.instagram.com\/_palace_of_thoughts_\/","https:\/\/www.youtube.com\/@palaceofthoughts","https:\/\/www.tiktok.com\/@palace0fthoughts"]}]}},"_links":{"self":[{"href":"https:\/\/palace-of-thoughts.pl\/index.php\/wp-json\/wp\/v2\/pages\/4526","targetHints":{"allow":["GET"]}}],"collection":[{"href":"https:\/\/palace-of-thoughts.pl\/index.php\/wp-json\/wp\/v2\/pages"}],"about":[{"href":"https:\/\/palace-of-thoughts.pl\/index.php\/wp-json\/wp\/v2\/types\/page"}],"author":[{"embeddable":true,"href":"https:\/\/palace-of-thoughts.pl\/index.php\/wp-json\/wp\/v2\/users\/1"}],"replies":[{"embeddable":true,"href":"https:\/\/palace-of-thoughts.pl\/index.php\/wp-json\/wp\/v2\/comments?post=4526"}],"version-history":[{"count":4,"href":"https:\/\/palace-of-thoughts.pl\/index.php\/wp-json\/wp\/v2\/pages\/4526\/revisions"}],"predecessor-version":[{"id":4531,"href":"https:\/\/palace-of-thoughts.pl\/index.php\/wp-json\/wp\/v2\/pages\/4526\/revisions\/4531"}],"wp:attachment":[{"href":"https:\/\/palace-of-thoughts.pl\/index.php\/wp-json\/wp\/v2\/media?parent=4526"}],"curies":[{"name":"wp","href":"https:\/\/api.w.org\/{rel}","templated":true}]}}